(p).
-25
Let x(r) = 2*r - 50. Suppose -8*p + 75 = -5*p - 3*f, -5*p - 2*f + 111 = 0. Calculate x(p).
-4
Let t = 15 - 10. Let k = -237 - -239. Let h(w) = 4 - 53*w + 28*w + 3*w**2 - 2*w**k + 19*w. Calculate h(t).
-1
Let x(c) = -c**2 + 15*c - 9. Let d(u) = -u**3 + 1. Let q(z) = z**3 + 5*z**2 - 6*z + 42. Let v(j) = 2*d(j) + q(j). Let r be v(5). Calculate x(r).
5
Let t(d) = d**3 + 8*d**2 + 2*d + 11. Let p be 0 + 5 - 26/10*5. Let x be t(p). Let a(c) = -c**3 - 4*c**2 - 4*c - 7. What is a(x)?
38
Let u(o) be the first derivative of -o**7/840 + o**6/72 + o**5/24 - 5*o**4/24 - 37*o**3/3 - 9. Let y(h) be the third derivative of u(h). What is y(6)?
-11
Let a(l) be the third derivative of 0*l - 1/20*l**5 - 1/120*l**6 + 3*l**2 + 1/2*l**3 + 1/8*l**4 + 0. Suppose 111 - 127 = 4*t. Give a(t).
7
Let w(p) = 37*p**2 - 174*p - 26. Let a(u) = 16*u**2 - 78*u - 13. Let x(o) = -7*a(o) + 3*w(o). Give x(26).
-39
Let q(y) = -8*y**2 + 22*y + 29. Let z(d) = 5*d**2 - 10*d - 18. Let v(t) = -3*q(t) - 5*z(t). Calculate v(-14).
31
Let v(j) = -5*j**2 - 4*j + 13. Suppose -28 = -4*i - 4*q, -9 = 5*i - 4*i - 3*q. Give v(i).
-44
Let u(d) be the third derivative of -d**7/2520 - d**6/144 + d**5/60 - d**4 + d**3/3 - 122*d**2. Let p(j) be the second derivative of u(j). Give p(-6).
-4
Let y(l) be the second derivative of -l**5/20 + 5*l**4/4 - 13*l**3/3 + 4*l**2 + 1425*l + 2. Calculate y(13).
8
Let j(x) be the first derivative of x**4/4 + 13*x**3/3 + 6*x**2 + 9*x - 1562. What is j(-12)?
9
Let l = -2204 + 1524. Let t be (-2)/(-3) + l/(-60). Let p(k) = -k**3 + 12*k**2 + 2*k - 3. What is p(t)?
21
Let x = -15093 + 15107. Let v(h) = h**2 - 9*h - 78. Determine v(x).
-8
Let b(t) = -4*t**3 + 8*t**2 - 6*t - 4. Let w be b(2). Let g(v) = -v - 48. Determine g(w).
-32
Let t(g) = 49 - 2*g - 4*g + 18 + 58 + 24. Give t(24).
5
Let n(d) = d**2 + 15*d - 32. Let y(c) = 92*c + 1179. Let r be y(-13). Determine n(r).
2
Suppose 2*n - 8 = 0, 5*q + 6 + 10 = 4*n. Suppose 0 = -2*b + 3 + 179. Let i(l) = 189 - b - 92 - l. Calculate i(q).
6
Let l be (2/(-1))/(-4) + (-9)/18. Suppose l*o - 8 = -4*o. Suppose -40 = -5*d + q, -o*d - q + 38 = 3*q. Let n(w) = -w. Give n(d).
-9
Let c(g) = 3*g**3 + 17*g**2 + 5*g - 10. Let x be c(-5). Let k(t) = -x - 3*t**2 + 16 + 5*t**2 - t**3. Determine k(2).
1
Let x(v) be the first derivative of -v**4/4 - 2*v**3 - 7*v**2/2 + 7*v + 200. What is x(-6)?
49
Let a(l) = 7*l + 1. Let p be (-2)/(10/(-2) + 6). Let u be (8 + (-6)/1)/p. Determine a(u).
-6
Let y(p) = -p**3 + 3*p**2 + 12*p - 3. Let o be y(6). Let b = o - -31. Let r(h) = -23*h - 9 + 1 + 21*h. Give r(b).
8
Suppose 4*z + 3*s + 3 - 5 = 0, 3*z = 2*s + 10. Let m(y) = y**3 - 40 + 70 + 5*y**z - 26. What is m(-5)?
4
Let s(d) = -25*d**2 - d. Let t(c) = -104*c**2 + 7 - 20*c + 210*c**2 - 105*c**2 + 13. Let w be t(19). Determine s(w).
-26
Let w(c) be the third derivative of -c**5/60 - c**4/6 + c**2. Suppose 0 = -126*i + 124*i + 2*j + 12, -39 = -i + 4*j. Calculate w(i).
-5
Let y(j) = 3*j**2 - 17*j - 4*j**2 + 74 - 58. What is y(-17)?
16
Let r(l) = -7 + 7 - 8*l + 3 - 8. Determine r(5).
-45
Let n(r) = -r**3 - 49*r**2 - 181*r - 16. Let v be n(-45). Let j(f) = -f + 52. Give j(v).
23
Let w = -10 + 6. Let f be w/(-1) + 2 + -1. Let d(p) be the first derivative of -p**4/4 + 2*p**3 - 5*p**2/2 - 5*p - 4401. Determine d(f).
-5
Let b(k) = -98*k + 2. Let h(g) = -27*g + 1. Let w(m) = 2*b(m) - 7*h(m). Calculate w(-1).
4
Let q(h) = 2*h. Let r(u) = u**3 + 6*u**2 + u - 18. Let m be r(-5). Let s(t) = 5*t - 20. Let g(w) = m*q(w) - s(w). Calculate g(14).
6
Let i(r) = 0*r + r**2 + 2*r - 9 + 7*r. Suppose -3*w + 8 = -5*v, v + 61 - 9 = -5*w. Calculate i(w).
-9
Suppose 99*d + 36 = 111*d. Let l be d/(-2) + 153/18. Let h(v) = v**3 - 7*v**2 - v + 14. Calculate h(l).
7
Let y be 5/(-5) - -4*1. Let v(n) = -617 - 622 + 1242 - y*n. Calculate v(4).
-9
Let y = -16 - -52. Let q = y + -30. Let r(k) = -k - q + 2 + 0. What is r(-5)?
1
Let x(d) be the second derivative of -d**5/20 + 2*d**4/3 + 4*d**3/3 - 5*d**2 + 837*d. What is x(9)?
-19
Let l(j) = -j**2 + 3*j - 1. Let v(z) = z**2 + 9*z - 8. Let a be v(-10). Suppose -4*w - a*o + 3*o + 9 = 0, 2*o = 6. Calculate l(w).
-1
Let r = 1413 + -706. Let z(k) = 2*k**3 + k + 709*k**2 - r*k**2 + 4 - 3*k**3. Give z(3).
-2
Let g(l) be the first derivative of l**4/12 - 7*l**3/6 - l**2 - 24*l + 46. Let f(j) be the second derivative of g(j). What is f(10)?
13
Let w(q) = -q**2 + 8*q - 7. Let l(m) = -3*m**2 + 23*m - 21. Let n(i) = 3*l(i) - 8*w(i). Let j = 264 - 153. Let g = -104 + j. Give n(g).
-21
Let i(h) = 3*h**3 + 12*h**2 + 3*h - 10. Suppose 0 = -g - t + 25 - 29, 0 = -5*t - 5. Give i(g).
8
Let b(h) = 41*h + 20. Let k(d) = 92*d + 41. Let w(p) = -9*b(p) + 4*k(p). Calculate w(-7).
-9
Suppose 3*x + 5*z - 15 - 7 = 0, 8 = 4*x - 4*z. Suppose -3*i = 4*t - 5*i - x, 8 = 2*i. Let j(f) = 7*f**t - 3*f**3 + f + 0*f - 2*f. Give j(1).
3
Let z(k) = -2*k**2 + 15*k + 1. Let g(i) = -5*i**2 + 196*i + 15. Let b(f) = -g(f) + 6*z(f). Determine b(-15).
6
Let d(a) = a**2 - 3*a. Let z(m) = 8*m**2 - 56*m - 7. Let b(o) = -4*d(o) + z(o). Give b(11).
-7
Let a(q) be the third derivative of 1/120*q**6 + 1/60*q**5 + 0*q + 1/6*q**3 - 2*q**2 - 1/8*q**4 + 0. Let s be 39 + -41 + ((-78)/(-21) - (-2)/7). Determine a(s).
7
Let q(x) = -1406*x - 9844. Let z be q(-7). Let l(k) = k**3 + 2*k**2 - k. Let s be l(1). Let b(w) = 3*w**3 + 3 - 3*w**s - 4*w**3 + 4*w**2 + 3*w. What is b(z)?
9
Let y be 11 + (-144)/8 - -3. Let k(j) = j**3 + 6*j**2 + 10*j + 7. Give k(y).
-1
Let d(c) = c**3 + 19*c**2 + 19*c + 24. Let s = -557 - -539. Give d(s).
6
Let o(k) = -257*k**3 - 21*k**2 + 129*k**3 + 17 + 53*k + 129*k**3 - 1. Let n be o(18). Let w(x) = -15*x - 3. Give w(n).
27
Suppose -8 = -5*z + a, 5*z - 3*z + 6 = 5*a. Let p be 2 + 1/(-1) + z. Let w(b) be the third derivative of -b**4/24 + 2*b**3/3 - 14047*b**2. Determine w(p).
1
Let k(a) = a**2 + a - 5. Let f(q) = q**3 + 3. Let j be f(2). Suppose -5*u - 2 = -202. Suppose s - j*s = u. Calculate k(s).
7
Let q(w) = 26*w - 49. Let x(v) = -9*v + 18. Suppose 53*b = 47*b + 24. Let m(f) = b*q(f) + 11*x(f). Determine m(-1).
-3
Let a(o) be the third derivative of o**5/60 - 3*o**4/4 - o**3/3 - 59*o**2 + 6*o. What is a(20)?
38
Let s(b) = -6*b**2 - b + 3. Let d(n) = 6*n**2 - n. Let x(a) = 2*d(a) + s(a). Give x(3).
48
Let p = -1420 - -1426. Let q(t) be the first derivative of 4 - 2*t - 1/2*t**2. Give q(p).
-8
Let h(f) = 12*f - 3. Let z(a) = -a**2 - 1 + 75*a - 45 - 57*a + 3. Let x be z(15). Give h(x).
21
Let d(u) be the first derivative of -191 + 2*u**2 - 1/4*u**4 + u - 2/3*u**3. What is d(-4)?
17
Suppose -5*z - 10 = -2*g, 4*z - 18*g = -15*g + 6. Let t(y) = 9*y + 15. Let s(c) = 8*c + 14. Let l(u) = 6*s(u) - 5*t(u). What is l(z)?
-9
Let y(p) = p - 14. Suppose f = -4*c - 12, 2*f + 4*c - 25 = -33. Determine y(f).
-10
Let c = -3 + 8. Let l(r) = -9*r**3 + 13*r**2 + 72*r - 8. Let b(p) = 10*p**3 - 14*p**2 - 81*p + 9. Let y(h) = -8*b(h) - 9*l(h). Calculate y(c).
0
Let a(g) = -231*g**2 + 230*g**2 + 8*g + 2 + 4*g. Let v be a(12). Suppose 0 = -v*j + 4*s + 26, s + 4*s + 30 = 2*j. Let i(u) = -u**2 + 6*u - 6. Determine i(j).
-1
Let l(t) = t**3 - 2*t**2 - 2*t - 4. Let a(s) = -37*s + 63 - 14 + 14 + 7*s. Let o be a(2). Determine l(o).
-1
Let f(q) = -14*q**3 - 18*q**2 - 3*q + 20. Let s(g) = 5*g**3 + 6*g**2 + g - 7. Let c(r) = 4*f(r) + 11*s(r). Let y be ((-67)/(-134))/(2/(-20)). Determine c(y).
-17
Let d(r) be the first derivative of 5/2*r**2 + 1/4*r**4 - 172 - 7/3*r**3 - 8*r. Let q be (-6)/(1/(-1 + 0)). Calculate d(q).
-14
Suppose -3*l = 2*f - 0*f - 20, 0 = -5*l + 2*f + 12. Suppose -h - 2 = -l. Let t(c) = 20 - h*c**3 - 19 + c + 2*c. What is t(-2)?
11
Let w(b) = b**3 + 10*b**2 + 25*b + 3. Let y(n) = -38*n - 652. Let o be y(-17). What is w(o)?
-3
Let r(s) = 18*s**3 - s**2 - s + 1. Let p(c) = c**2 - 14*c + 34. Let m be (42/(-16) + 4)*8. Let y be p(m). Give r(y).
17
Let o be ((-147)/14 - -8)*(0 + -2). Let r(g) = -17*g + 93. Calculate r(o).
8
Let o be 47*-3*(-4)/(0 + 12). Let b = 44 - o. Let c(l) = l + 6. Give c(b).
3
Let j = 42 + -195. Let a = j + 150. Let l(h) = h**3 + h**2 - 5*h + 2. What is l(a)?
-1
Suppose 0 = -7*a + 2*a + 10. Let w(y) = -6*y - 15*y**2 + 25*y**2 - 7 - 9*y**a. Let s(n) = -2*n - 17. Let x be s(-12). What is w(x)?
0
Let y(s) = 7*s - 73. Suppose 0 = -2*g - 2*l + 18, l = g - 118 + 103. Calculat